 digit of 569563?
6
What is the ten thousands digit of 7589910?
8
What is the hundreds digit of 9122592?
5
What is the ten thousands digit of 1472821?
7
What is the units digit of 19956999?
9
What is the tens digit of 5947976?
7
What is the hundred thousands digit of 1290268?
2
What is the thousands digit of 29381212?
1
What is the thousands digit of 9149372?
9
What is the ten thousands digit of 908455?
0
What is the ten millions digit of 33791219?
3
What is the units digit of 2345582?
2
What is the units digit of 2720395?
5
What is the units digit of 1658629?
9
What is the ten millions digit of 21437562?
2
What is the units digit of 4215464?
4
What is the units digit of 2010749?
9
What is the units digit of 5289705?
5
What is the ten thousands digit of 716629?
1
What is the hundred thousands digit of 8045242?
0
What is the ten thousands digit of 2761845?
6
What is the thousands digit of 6435280?
5
What is the ten thousands digit of 14160452?
6
What is the tens digit of 132837?
3
What is the tens digit of 5929683?
8
What is the ten thousands digit of 885501?
8
What is the thousands digit of 328521?
8
What is the hundred thousands digit of 1151126?
1
What is the units digit of 3503627?
7
What is the hundreds digit of 73210?
2
What is the hundreds digit of 170533?
5
What is the thousands digit of 1735350?
5
What is the units digit of 6462897?
7
What is the units digit of 411324?
4
What is the hundreds digit of 13964917?
9
What is the units digit of 747369?
9
What is the units digit of 242430?
0
What is the ten millions digit of 34548696?
3
What is the units digit of 475855?
5
What is the ten thousands digit of 603402?
0
What is the units digit of 2779230?
0
What is the ten thousands digit of 3441151?
4
What is the hundred thousands digit of 4697273?
6
What is the hundred thousands digit of 492922?
4
What is the hundreds digit of 7561251?
2
What is the tens digit of 790928?
2
What is the thousands digit of 91692?
1
What is the thousands digit of 1074545?
4
What is the hundred thousands digit of 2464916?
4
What is the thousands digit of 232315?
2
What is the thousands digit of 287637?
7
What is the units digit of 6498602?
2
What is the thousands digit of 1107066?
7
What is the millions digit of 19252395?
9
What is the hundreds digit of 4249628?
6
What is the ten thousands digit of 356348?
5
What is the hundreds digit of 2792158?
1
What is the millions digit of 7779390?
7
What is the hundreds digit of 58778?
7
What is the units digit of 2648282?
2
What is the millions digit of 1524260?
1
What is the hundred thousands digit of 1612903?
6
What is the thousands digit of 319007?
9
What is the ten thousands digit of 17893788?
9
What is the hundred thousands digit of 1019639?
0
What is the ten thousands digit of 289072?
8
What is the tens digit of 2072050?
5
What is the millions digit of 14402419?
4
What is the hundred thousands digit of 1717294?
7
What is the ten thousands digit of 1384741?
8
What is the hundreds digit of 215623?
6
What is the tens digit of 739264?
6
What is the hundreds digit of 909239?
2
What is the thousands digit of 658693?
8
What is the ten thousands digit of 983329?
8
What is the hundreds digit of 2094041?
0
What is the hundreds digit of 274714?
7
What is the hundred thousands digit of 261382?
2
What is the thousands digit of 13760105?
0
What is the hundreds digit of 4599166?
1
What is the thousands digit of 7023503?
3
What is the hundred thousands digit of 160455?
1
What is the ten millions digit of 10804653?
1
What is the units digit of 672141?
1
What is the thousands digit of 1832440?
2
What is the tens digit of 160814?
1
What is the ten thousands digit of 76431?
7
What is the hundreds digit of 23586499?
4
What is the tens digit of 530034?
3
What is the hundreds digit of 370788?
7
What is the ten thousands digit of 1122635?
2
What is the units digit of 7232402?
2
What is the units digit of 39971?
1
What is the tens digit of 648703?
0
What is the ten thousands digit of 2086115?
8
What is the thousands digit of 8080386?
0
What is the thousands digit of 4411086?
1
What is the tens digit of 832499?
9
What is the tens digit of 183690?
9
What is the tens digit of 963109?
0
What is the thousands digit of 614664?
4
What is the hundreds digit of 853252?
2
What is the units digit of 1861680?
0
What is the tens digit of 861468?
6
What is the hundreds digit of 493468?
4
What is the hundred thousands digit of 363817?
3
What is the thousands digit of 69937?
9
What is the tens digit of 79492?
9
What is the hundred thousands digit of 1704080?
7
What is the hundred thousands digit of 605552?
6
What is the ten thousands digit of 30903639?
0
What is the tens digit of 16914697?
9
What is the millions digit of 2921321?
2
What is the tens digit of 1754267?
6
What is the thousands digit of 41836?
1
What is the hundred thousands digit of 182290?
1
What is the units digit of 257988?
8
What is the thousands digit of 347345?
7
What is the hundreds digit of 213942?
9
What is the hundred thousands digit of 1830482?
8
What is the thousands digit of 1505929?
5
What is the ten thousands digit of 789172?
8
What is the millions digit of 1146700?
1
What is the units digit of 495326?
6
What is the hundred thousands digit of 13307618?
3
What is the hundred thousands digit of 2201932?
2
What is the hundreds digit of 86253?
2
What is the hundred thousands digit of 4762343?
7
What is the tens digit of 78917?
1
What is the thousands digit of 19050575?
0
What is the tens digit of 671421?
2
What is the hundreds digit of 2040397?
3
What is the thousands digit of 5593865?
3
What is the tens digit of 76452?
5
What is the hundreds digit of 9709416?
4
What is the hundred thousands digit of 694080?
6
What is the tens digit of 878628?
2
What is the hundred thousands digit of 6988301?
9
What is the ten thousands digit of 11672201?
7
What is the hundreds digit of 2473129?
1
What is the millions digit of 1173241?
1
What is the thousands digit of 19692676?
2
What is the millions digit of 34411130?
4
What is the hundred thousands digit of 326363?
3
What is the tens digit of 164730?
3
What is the hundred thousands digit of 954842?
9
What is the units digit of 773452?
2
What is the units digit of 608592?
2
What is the ten thousands digit of 70127?
7
What is the ten thousands digit of 3979827?
7
What is the units digit of 567310?
0
What is the units digit of 583226?
6
What is the ten thousands digit of 526976?
2
What is the ten millions digit of 15835830?
1
What is the thousands digit of 251541?
1
What is the hundred thousands digit of 819670?
8
What is the tens digit of 35781?
8
What is the units digit of 23158?
8
What is the thousands digit of 573370?
3
What is the hundred thousands digit of 5227666?
2
What is the units digit of 1827105?
5
What is the units digit of 5968127?
7
What is the units digit of 10753996?
6
What is the units digit of 131753?
3
What is the hundred thousands digit of 684130?
6
What is the thousands digit of 184724?
4
What is the hundreds digit of 196663?
6
What is the ten thousands digit of 5424662?
2
What is the hundreds digit of 28470719?
7
What is the ten thousands digit of 874448?
7
What is the hundreds digit of 116228?
2
What is the hundreds digit of 375133?
1
What is the thousands digit of 6716050?
6
What is the ten thousands digit of 110301?
1
What is the hundred thousands digit of 110097?
1
What is the units digit of 115409?
9
What is the ten thousands digit of 1549180?
4
What is the ten thousands digit of 1620712?
2
What is the tens digit of 10133250?
5
What is the ten thousands digit of 17934262?
3
What is the thousands digit of 6020581?
0
What is the hundred thousands digit of 114937?
1
What is the hundreds digit of 19614544?
5
What is the ten thousands digit of 470962?
7
What is the hundred thousands digit of 902095?
9
What is the tens digit of 1854874?
7
What is the thousands digit of 1704818?
4
What is the units digit of 9502837?
7
What is the millions digit of 2278616?
2
What is the ten thousands digit of 11361?
1
What is the thousands digit of 6625044?
5
What is the tens digit of 338768?
6
What is the ten thousands digit of 1935020?
3
What is the millions digit of 1241310?
1
What is the hundreds digit of 539888?
8
What is the hundreds digi